, 3, 79
Let x(c) = -3*c + 5. Let j be x(3). What are the prime factors of -1 - -107 - (j - 36)/8?
3, 37
Suppose -p - 4*c + 280 = 22, 2*c - 256 = -p. Suppose 4*q + 2*l = 7*l + p, -2*q + 112 = 5*l. List the prime factors of q.
61
Let i(o) = 102*o**2 - 16*o - 66. What are the prime factors of i(-5)?
2, 641
Suppose 4*f + 2*q - 9250 = 2*f, 0 = 4*f - 3*q - 18465. Suppose -16*z + f = -4*z. What are the prime factors of z?
5, 7, 11
Let h(c) = -8*c**2 - 3*c - 30 - 7*c**2 - 2*c**2 + c**3. Let z be h(17). Let v = z - -97. What are the prime factors of v?
2
Let v(r) = -41*r + 3737. List the prime factors of v(0).
37, 101
Suppose 0 = -7*i + 189 - 7. Suppose i = w + 5*c - 50, 5*w - 403 = -2*c. List the prime factors of w.
3
Let o be (-5 - -9) + 1182/2. Suppose 0 = c - 6*r + 5*r - 600, -c = -2*r - o. What are the prime factors of c?
5, 11
Let i(l) = 12*l - 122. Suppose 0 = -5*k - 2*f + 139, -4*k - 2*f - 35 = -5*k. What are the prime factors of i(k)?
2, 113
Suppose -2*h + 4*x + 172 = 0, 4*h = 5*h - 3*x - 84. Let q = 995 - h. What are the prime factors of q?
5, 181
Let z(n) = -8 + n - 7 + 27 + 3. Let a be z(16). Let x = a - 28. What are the prime factors of x?
3
Let n(g) = 28*g**2 - 6*g + 18. Let r be n(2). Let t = r + 836. What are the prime factors of t?
2, 3, 53
Suppose 26*s - 942138 = -47*s. List the prime factors of s.
2, 3, 239
What are the prime factors of ((-1676)/(-6))/((-20)/(-240))?
2, 419
Let m = -48 + 111. Let b = -193 + 341. Let r = b - m. What are the prime factors of r?
5, 17
What are the prime factors of -756*36*(-132)/126?
2, 3, 11
Let p(j) = 95*j**2 - 21*j - 33. List the prime factors of p(8).
5879
Suppose 13 + 17 = 10*j. Suppose 2*l - f - 178 = -3*f, -l + j*f = -69. List the prime factors of l.
2, 3, 7
Suppose 4*s = 2*s - 2*v + 4, 3*s + v + 2 = 0. Suppose 14 - 92 = -3*z. What are the prime factors of (-165)/s - (-13)/z?
83
Let z be (3 - (12 - 3))/(4/(-2)). Suppose 0 = 7*v - z*v + 72. What are the prime factors of 938/9 - (86/v - -5)?
2, 13
Suppose 5*i + 4*f - 37 = 0, 3*i - 6*i = 3*f - 21. Suppose 5*d - 2*n - 3906 = 0, -4*n - 10 = -i*n. List the prime factors of (-1*14/4)/((-23)/d).
7, 17
Suppose -4 = -6*p - 142. Let x = p - -23. Suppose x = -6*q - 5*q + 1694. List the prime factors of q.
2, 7, 11
Suppose 4*p - 76480 = -16*p. What are the prime factors of p?
2, 239
Let h(s) = 8276*s - 10707. List the prime factors of h(8).
55501
Let z be ((-2)/9)/(3/(-27)). Let b(y) = 10*y + y**3 - 3 - 4*y**2 + 0*y**3 + 3*y**2 - z*y. What are the prime factors of b(4)?
7, 11
Suppose 4*g - v = -1584, 236 = -g - 5*v - 160. Let w = 1878 + g. List the prime factors of w.
2, 3, 13, 19
Suppose 796726 + 95357 = 103*h. What are the prime factors of h?
3, 2887
Suppose -5*p - 3 = q - 9, p = -5*q - 18. Let o be (-24)/(-16)*(-2 - q). Suppose 6*w + 260 = j + 8*w, -o*j - w = -765. What are the prime factors of j?
2, 127
Suppose 10*u - 53427 = -23*u. List the prime factors of u.
1619
Let g be (6/4)/(60/38800). Let t = 1707 - g. List the prime factors of t.
11, 67
What are the prime factors of (1 - (-1055448)/33) + 96/(-352)?
2, 1999
Let p be -8*((-4)/(-8)*-15 - -5). List the prime factors of p/28 - (-7752)/84.
3, 31
Let m(o) = -232*o - 5540. What are the prime factors of m(-132)?
2, 6271
Suppose 7*t - b - 88066 + 3067 = 0, 3*t - 36431 = b. What are the prime factors of t?
2, 13, 467
Let n be 1326/65 - (-6)/(-15). Suppose -126 - 228 = -2*p + 3*a, 0 = -5*a - n. What are the prime factors of p?
3, 19
Let g be (-4)/(-18) + 1647520/252. Suppose 15*v - 9722 = g. What are the prime factors of v?
2, 271
Let o(h) be the third derivative of h**5/60 + h**4/8 - 25*h**3/6 - 159*h**2. Let f be 2*(-1)/(2/10). What are the prime factors of o(f)?
3, 5
Let z be ((-15)/30)/(6/(-4))*1719. Suppose 7*d + z = 7258. List the prime factors of d.
5, 191
Suppose 10*r - 5*r - 41525 = -5*j, 4 = -2*j. Let d be (-6 - -1) + r/(-3). What are the prime factors of d/(-19)*2/4?
73
Suppose -4*s + 7 = -2*r - 23, -4*s - 5 = 3*r. Let q(t) = -2*t**2 - 7*t - 19. Let c be q(r). Let v = c + 117. What are the prime factors of v?
7
Let d(r) = 11*r**2 - 105 - 55*r - 2*r**2 - 8*r**2 - 148*r**3 + r**2 - 3*r**2. List the prime factors of d(-2).
3, 5, 79
Suppose -2*o + 6 = 5*y + 35, -2*o = 4*y + 24. Let v be 4 + o + 1 - 3. Let z(r) = r**3 + r**2 + r + 23. List the prime factors of z(v).
23
Suppose -h + 5*v = -13, 4*v = -6*h + h + 152. Let s = h - 31. What are the prime factors of (-4 - -54)*s/(-2)?
3, 5
Let r(k) = -k**3 + 5*k**2 + k - 2. Let p be 5/((0 - -2)/(5 + -3)). Let s be r(p). What are the prime factors of (-26)/(s + 16/(-5))?
2, 5, 13
Suppose 4*z + 27214 = 2*d, -18*d + 13*d = 3*z - 68061. What are the prime factors of d?
3, 13, 349
Suppose 0 = 5*w - 41 - 49. Suppose 10*x = w*x - 832. Suppose 4*v = x + 16. List the prime factors of v.
2, 3, 5
Let y = 4442 + -252. List the prime factors of y.
2, 5, 419
Suppose -i - 4547 = -5*l + 8894, 0 = -2*i - 2. List the prime factors of l.
2, 3, 7
Let a(i) = i**3 + 51*i**2 + 45*i - 390. What are the prime factors of a(-47)?
13, 487
Let o(r) = -2*r**3 - 5*r**2 + 6. Suppose -15 - 3 = 3*i. Let m be o(i). Suppose 2*b - 5*v = m, -5*b - v + 596 = -49. What are the prime factors of b?
3, 43
Let w be (-15)/25 + 52/20. Suppose -2*u - 2*v = w*v - 854, u - 5*v = 434. List the prime factors of u.
3, 11, 13
Let q(n) be the second derivative of n**7/168 + n**6/180 + n**5/120 + 2*n**4/3 - 7*n. Let i(z) be the third derivative of q(z). List the prime factors of i(-3).
2, 31
Suppose -23*f + 42*f + 15933 = 22*f. List the prime factors of f.
47, 113
Let u(a) be the third derivative of a**7/720 - a**6/30 + 7*a**5/60 - 17*a**2. Let c(n) be the third derivative of u(n). What are the prime factors of c(16)?
2, 11
Suppose -3*u + 284 = 4*o, 2*o = 4*u - 2*u + 128. Suppose -w = -3*k - 10, -2*k - w - 10 = -0*w. What are the prime factors of (o + k)/(-2 - -4 - 1)?
2
Suppose -8*j + 13*j - 315 = 0. Suppose 2*r + r - l = j, -3*r + 48 = 4*l. List the prime factors of (0 - r/8)*156/(-3).
2, 5, 13
Suppose -46 = -11*h + 9. Suppose -h*f - 433 = 617. Let x = f - -364. List the prime factors of x.
2, 7, 11
Suppose -17*c + 16*c = -48. Let k = c + -45. Suppose -34 = -3*y + b + 208, -k*y = -3*b - 234. What are the prime factors of y?
2, 41
Let u(v) = 6*v + 88. Let g be u(-14). List the prime factors of (2 + g/(-3))/((-2)/(-672)).
2, 7
Suppose -75*d - 84241 = 34*d - 529724. List the prime factors of d.
61, 67
Let i = 35075 + -32754. What are the prime factors of i?
11, 211
Suppose -5*o + 21 + 17 = g, 44 = 5*o + 3*g. Let c(x) = 8*x**2 - 4*x - 28. List the prime factors of c(o).
2, 3, 7
Let c be (2 - 2)*(-10 + 4)/12. Suppose -2*q = -4*q, 4*m - q - 3124 = c. What are the prime factors of m?
11, 71
Let o be 42/(-8)*28/(-21). Suppose -o*f + 2893 + 453 = 0. What are the prime factors of f?
2, 239
Suppose -2*s + 6 = 0, 16*q - 18*q - s + 81325 = 0. List the prime factors of q.
73, 557
Let r = 75328 - 47791. List the prime factors of r.
3, 67, 137
Let c(k) = 2*k**2 - k. Let m(w) = -w**3 - 24*w**2 - 13*w - 67. Let f(t) = 5*c(t) + m(t). List the prime factors of f(-14).
5, 37
Let o(b) = b**2 + 2*b + 6. Let d be o(-4). Suppose -d*s = -10*s. Suppose s = 5*r - 28 - 32. List the prime factors of r.
2, 3
Let a be ((-2)/4)/(10/(-12))*1765. Let m = a + -266. Suppose 83 - m = -10*o. List the prime factors of o.
71
Let w(q) = 167*q - 1068. List the prime factors of w(81).
3, 4153
Let n = -2365 - -10448. What are the prime factors of n?
59, 137
Suppose 2459 = 8*u - 5685. Let n = u + 321. What are the prime factors of n?
13, 103
Let g = 31764 + -17930. What are the prime factors of g?
2, 6917
Let c = -6035 - 23500. List the prime factors of 9/30 + c/(-50).
3, 197
Suppose -6*x = -7*x + 4, -624 = -i - 3*x. List the prime factors of (22/44)/((-1)/i*-2).
3, 17
Suppose -34264 = -t + l, -103*l + 102*l = 2*t - 68552. List the prime factors of t.
2, 3, 7, 17
Let z = -897 - -1562. Suppose -z - 2215 = -8*f. List the prime factors of f.
2, 3, 5
Let x(a) = 47*a + 131. Let s be x(15). Suppose -5152 - s = -6*k. List the prime factors of k.
2, 499
Suppose 148*x = 12*x + 87176. What are the prime factors of x?
641
Let y be (-22)/(-18) + (-38)/171. List the prime factors of (-2)/(((-2)/740)/y).
2, 5, 37
Let d(c) = 27*c**2 + 2*c - 3. Suppose w + w = 5*f - 